s divided by x(-6)?
18
Let u = 6 + 0. Let s be ((-7)/(-2))/((-7)/(-14)). Let t = s - -3. Calculate the remainder when t is divided by u.
4
Let c = 32 - 24. What is the remainder when 22 is divided by c?
6
Let m(c) be the third derivative of c**4/8 - 2*c**3 - 3*c**2. Calculate the remainder when m(8) is divided by 7.
5
Let p(g) = -2*g**3 - 4*g**2 - 2*g + 3. Suppose -3*y + 22 = -q - 3*q, 3*y + 4*q = 62. What is the remainder when p(-3) is divided by y?
13
Let i(d) = 6*d + 1. Let z be 3/(-6)*(-5 + -1). What is the remainder when 37 is divided by i(z)?
18
Let j = -11 - -26. Let t = -39 + 81. Calculate the remainder when t is divided by j.
12
Let g be -2 + 2 - -1 - -1. Suppose -g - 1 = 3*j + 4*b, -12 = j + 5*b. Suppose 0 = -j*i + 33 + 21. What is the remainder when i is divided by 10?
8
Suppose 0 = -0*p - 2*p + 16. Let l(z) = z + 7. Let i be l(-5). Suppose i*o = -2*o + 12. Calculate the remainder when p is divided by o.
2
Let g(u) = 13*u - 12. Let d be g(-9). Let n = -92 - d. Let t(z) = z**2 + 2*z + 5. Calculate the remainder when n is divided by t(-4).
11
Suppose 4 = i + f, 3*i + 6*f - 4*f - 17 = 0. What is the remainder when 8/(-10)*(3 + -33) is divided by i?
6
Suppose 0 = 2*s + 2, -2*d + 3*s = 2*d - 131. Let u(c) = -21*c. Let q(m) = 20*m. Let v(r) = -4*q(r) - 3*u(r). What is the remainder when d is divided by v(-1)?
15
Suppose 5*q - b - 3*b = 4, -4 = -4*q + 3*b. Suppose q*d + v - 23 = 33, 5*d - 77 = -3*v. What is the remainder when 37 is divided by d?
11
Let w = 27 - 15. Calculate the remainder when 21 is divided by w.
9
What is the remainder when 40 is divided by 3/(-1*6/(-28))?
12
Let v = -17 - -24. Calculate the remainder when v/14*1*28 is divided by 8.
6
Let u(c) = c**2 - c + 5. Let o be (-8 - -6)*(-1 + -1). Suppose -3*m = -o*j - 0*j + 41, 3*j - 47 = -m. Calculate the remainder when j is divided by u(0).
4
Suppose -3*j = 3*j - 150. What is the remainder when 46 is divided by j?
21
Suppose 24 = 4*l - 3*o + 6*o, -5*l = -o - 30. Let j(d) = 8*d**2 - d - 1. Let i be j(-1). What is the remainder when (8 + 2)*i/5 is divided by l?
4
Let s be 2 - ((-2 - -4) + 0). Suppose s = -2*a + y + 8, -5*y - 17 = -4*a + 11. What is the remainder when 6 is divided by a?
0
Suppose -4*u = 2*o + 2*o - 48, 0 = o + 2*u - 17. What is the remainder when 24 is divided by o?
3
Let p(l) = -7*l + 4. Suppose r + 10 = 2*q, -2 = 3*r + 3*q + 1. Let t be p(r). Let n = t - 19. Calculate the remainder when n is divided by 7.
6
Let d(i) = -i**3 + 4*i**2 - 3. Let p = 30 - 14. Calculate the remainder when p is divided by d(3).
4
Suppose 4*d + 90 = -3*j, 2 = d - j + 28. Let u be (-1 + 4)/((-18)/d). Let y = u + -3. What is the remainder when 1 is divided by y?
0
Let l be -1*9*2*-13. Suppose -3*y + 3*v + l = 0, 3*y - 2*v = 7*y - 282. Calculate the remainder when y is divided by 25.
23
Suppose q - 34 = -q. Let u = q + -10. What is the remainder when 25 is divided by u?
4
Let y = 48 + -15. Calculate the remainder when y is divided by 9.
6
Suppose -3*m + 45 = 4*a, 2*m - 54 = -m - a. Calculate the remainder when m is divided by 11.
8
Let s = -9 - -125. Suppose 0*v + s = 4*v. What is the remainder when v is divided by 11?
7
Let z = -92 + 95. Suppose 2*h = 4*h - 10. Suppose 4*x + h*r = -12, -r = -5*x - 0*r + 14. What is the remainder when z is divided by x?
1
What is the remainder when -1 - 502/(-9) - (-10)/45 is divided by 19?
17
Suppose -2*l - 3*m = -7*l + 394, l - 2*m = 83. Suppose -55*r + 130 = -50*r. Calculate the remainder when l is divided by r.
25
What is the remainder when (-12)/(-8)*-1*-36 is divided by 14?
12
Suppose -3*t = -4*t + 3. Suppose -5*r = 2*b + 10, 4*r = -4*b - t + 7. Let c = b + 1. Calculate the remainder when 16 is divided by c.
4
Calculate the remainder when (-30)/(-4)*18/27 is divided by 3.
2
Suppose -7 = -11*r + 4*r. Let u(c) = c**3 - 8*c**2 + c - 6. Let v be u(8). Suppose v*h = -2*h - z, 12 = -3*z. What is the remainder when r is divided by h?
0
Let k(j) = j**3 - 5*j**2 + 4*j - 1. Calculate the remainder when k(6) is divided by 31.
28
Let a(x) = -x**3 + 6*x**2 - 5*x + 1. Let b = 91 - 41. What is the remainder when b is divided by a(4)?
11
Suppose -324 - 171 = -33*z. What is the remainder when 4/(-6) + (-166)/(-6) is divided by z?
12
Suppose 0*c = c + 7. Let s(n) = -n**3 - 5*n**2 + 4*n + 7. What is the remainder when s(c) is divided by 20?
17
Calculate the remainder when (-228)/(-3)*3/4 is divided by (-9)/(-12)*-2*-10.
12
Let s be (-81)/18*(-4)/(-6). Let z(q) = q**2 - 1. Let t(w) = w**3 + w**2 + w + 1. Let c(m) = t(m) + 4*z(m). What is the remainder when 23 is divided by c(s)?
11
Let p = 95 + -55. Suppose 0 = -2*m + 4*o + 18, -o - 4 = 4*m - 22. Suppose y + 64 = 5*y + 4*g, -3*g - 64 = -m*y. What is the remainder when p is divided by y?
12
Let q(m) be the second derivative of -m**4/12 - 13*m**3/6 - 9*m**2 - 5*m. What is the remainder when q(-9) is divided by 7?
4
Suppose -j = -5*l - 17, 2*l + 44 = 4*j - 24. Let k(o) = 4*o**2 + 6*o + 5. Let w be k(-4). Suppose -n - 4*n = -w. What is the remainder when j is divided by n?
8
Suppose 149 = 2*j - 5*f, 4*j + 0*f - 5*f - 273 = 0. Calculate the remainder when j is divided by 9.
8
Calculate the remainder when 126 is divided by (-156)/9*(-3)/2.
22
Let j(f) = f - 10. Let b be j(13). Suppose 4*a + h = -h + 16, 3*a - b*h = 21. Calculate the remainder when 7 is divided by a.
2
Let f(h) = h**3 + 10*h**2 - 10*h + 20. What is the remainder when 33 is divided by f(-11)?
6
Suppose 5*q + 12 = 62. Let i = 17 - 23. Let h = q + i. Calculate the remainder when 10 is divided by h.
2
Let g = 46 + -45. What is the remainder when 1 is divided by g?
0
Let h(z) = z**2 - 5*z + 2. What is the remainder when h(8) is divided by 15?
11
Calculate the remainder when 3/(-12) - (-282)/8 is divided by 19.
16
Suppose -5*p - 3*i + 5 = 0, 0*i = 4*p - 5*i - 41. Suppose -2*c = p*b - 0*c - 482, 4*c - 349 = -3*b. Calculate the remainder when b is divided by 31.
30
Suppose 14 = 2*v - 10. Let b = v + 3. Suppose 0 = -2*n + 78 - 22. Calculate the remainder when n is divided by b.
13
Let y(p) = p**3 + 5*p**2 + 3*p - 1. Let t be y(-4). Suppose -5*c + n + 40 = t*n, -4 = c - 2*n. Calculate the remainder when 16 is divided by c.
4
Let v = -17 - -31. What is the remainder when v is divided by (-21)/14*(-10)/3?
4
Let u(p) = -35*p - 10. Calculate the remainder when u(-5) is divided by 24.
21
Let m be (-3)/2*(-4 + 2). Suppose -2*w = w - 51. What is the remainder when w is divided by 1/m - (-17)/3?
5
Let y = -27 + 50. Calculate the remainder when 44 is divided by y.
21
Suppose n - 4*k - 45 = -2*k, k = n - 40. What is the remainder when n is divided by 13?
9
Suppose 4*h + 2*s = 6*s + 28, 7 = 2*h + 5*s. Calculate the remainder when 22 is divided by h.
4
Suppose u + 130 = 3*u. Let d = u + -38. Suppose z + 2*k + 10 = 2*z, -3*k = -z + 8. Calculate the remainder when d is divided by z.
13
Suppose -120 = -9*m + 600. Calculate the remainder when m is divided by 9.
8
Let j = -348 + 530. What is the remainder when j is divided by 46?
44
Let c(z) = z**3 - 13*z**2 + 25*z - 20. Let n = 2 + 5. What is the remainder when c(11) is divided by n?
6
Suppose -13*f + 128 = -5*f. Calculate the remainder when 79 is divided by f.
15
Let t = 74 + -3. Let x be 2/(2/1) + -5. What is the remainder when t is divided by 18/((-3)/x*1)?
23
Let v = 22 + -10. Calculate the remainder when 34 is divided by v.
10
Let q(p) = 6*p**2. Let y be q(2). Let l = y + -16. Let w = -16 - -30. What is the remainder when w is divided by l?
6
Let f(b) = -2*b - b**3 + 2*b**2 - b**2 - 4*b**2. Calculate the remainder when 8 is divided by f(-3).
2
Let z be 4/(-8) + (-10)/4. Let c = 0 + z. What is the remainder when 35 is divided by -9*6/9*c?
17
Let z(x) = x**2 - 3*x - 6. What is the remainder when 9 is divided by z(5)?
1
Let d(i) = 19*i + 5. Calculate the remainder when d(3) is divided by 16.
14
What is the remainder when (0 - 136/6)*15/(-10) is divided by 4?
2
Let y(u) = -u - 3. What is the remainder when 23 is divided by y(-7)?
3
Suppose -h + 0*h - 3*a = -15, -4*a + 31 = 5*h. Suppose -h*b - 40 = -7*b. Suppose b = -5*r + 100. What is the remainder when r is divided by 5?
3
Let y = -3 + 9. Let q = 6 + y. Calculate the remainder when q is divided by 7.
5
Calculate the remainder when 3 + (-4 - 8/(-4)) + 12 is divided by 5.
3
Suppos